ate the greatest common divisor of 60 and 783732.
12
What is the highest common factor of 44 and 17413?
11
What is the greatest common divisor of 198 and 1141470?
198
Calculate the highest common divisor of 80260 and 340.
20
Calculate the highest common divisor of 1501 and 16402928.
1501
What is the greatest common factor of 158 and 240871?
79
Calculate the highest common factor of 498009 and 456.
57
What is the highest common divisor of 616 and 37807?
77
What is the greatest common factor of 8 and 7088?
8
Calculate the greatest common factor of 421511 and 2456.
307
What is the highest common divisor of 3473 and 1035?
23
What is the highest common factor of 262811 and 74?
37
What is the highest common factor of 625805 and 705?
235
Calculate the greatest common divisor of 109 and 748721.
109
What is the highest common factor of 6677 and 55237?
607
Calculate the highest common divisor of 3591 and 10089.
171
What is the highest common divisor of 42 and 17661?
21
What is the highest common factor of 37375 and 27690?
65
What is the greatest common factor of 392 and 129752?
392
What is the greatest common factor of 801 and 623?
89
What is the greatest common divisor of 122876 and 1668?
556
What is the greatest common divisor of 13 and 4697628?
13
Calculate the greatest common factor of 924 and 125796.
132
What is the highest common factor of 36544 and 2496?
64
Calculate the greatest common factor of 33 and 72853.
11
What is the highest common divisor of 18 and 875349?
9
Calculate the highest common factor of 1467 and 396.
9
Calculate the highest common divisor of 2714 and 1.
1
What is the highest common divisor of 9530 and 30?
10
What is the highest common divisor of 675444 and 198?
66
Calculate the greatest common factor of 8496 and 2016.
144
What is the greatest common factor of 1634 and 2641?
19
What is the highest common divisor of 1020 and 16008?
12
Calculate the highest common divisor of 6832390 and 94.
94
What is the highest common divisor of 36531 and 13981?
451
What is the highest common divisor of 62432 and 40?
8
Calculate the greatest common divisor of 280 and 2620040.
40
Calculate the highest common divisor of 498192 and 963.
321
What is the greatest common factor of 299625 and 3000?
375
Calculate the greatest common factor of 130891 and 1577.
1577
What is the greatest common divisor of 19598325 and 1475?
1475
Calculate the greatest common factor of 82 and 196513.
41
What is the highest common factor of 2401 and 1421?
49
Calculate the highest common divisor of 2508337 and 26.
13
Calculate the highest common factor of 474 and 24.
6
What is the highest common divisor of 6139 and 1232?
7
Calculate the greatest common factor of 1805 and 17005.
95
Calculate the greatest common divisor of 863456 and 56.
8
Calculate the highest common divisor of 1239 and 252.
21
Calculate the greatest common factor of 18 and 5043.
3
Calculate the highest common divisor of 14 and 72205.
7
What is the highest common factor of 5 and 113255?
5
What is the greatest common divisor of 6749 and 34?
17
What is the greatest common factor of 735888 and 624?
48
Calculate the highest common factor of 1131 and 40339.
377
Calculate the greatest common factor of 29015 and 35.
35
Calculate the highest common factor of 51222 and 3.
3
Calculate the greatest common divisor of 443456 and 1664.
832
What is the greatest common divisor of 84580 and 410?
10
What is the highest common factor of 7574 and 78526?
14
Calculate the highest common factor of 697 and 19131953.
697
Calculate the highest common factor of 185625 and 875.
125
What is the greatest common factor of 360 and 24984?
72
What is the greatest common factor of 1392 and 4177392?
1392
What is the greatest common factor of 8738 and 306?
34
What is the greatest common divisor of 653858 and 1204?
86
Calculate the greatest common factor of 6499 and 5044.
97
Calculate the greatest common factor of 30514 and 121.
11
What is the greatest common factor of 2139 and 651?
93
Calculate the highest common divisor of 31102 and 46.
2
Calculate the highest common divisor of 1128 and 367352.
376
Calculate the highest common factor of 935120 and 160.
80
What is the greatest common divisor of 26 and 600262?
26
What is the highest common factor of 8 and 2343452?
4
Calculate the greatest common divisor of 2102599 and 37.
37
What is the highest common divisor of 19847 and 14272?
223
Calculate the greatest common factor of 6 and 349458.
6
What is the greatest common factor of 31970 and 230?
230
Calculate the highest common divisor of 966 and 1334.
46
Calculate the highest common divisor of 4071104 and 32.
32
What is the highest common divisor of 1520 and 30020?
380
What is the highest common divisor of 3164 and 1036?
28
What is the highest common divisor of 272846 and 70?
14
What is the highest common divisor of 5 and 795365?
5
What is the highest common factor of 568967 and 7?
7
Calculate the highest common divisor of 172356 and 106.
106
What is the greatest common divisor of 3474 and 30301?
193
What is the highest common factor of 341 and 1938616?
31
What is the highest common divisor of 11 and 36498?
11
Calculate the greatest common divisor of 255 and 637635.
15
Calculate the greatest common divisor of 4526 and 35186.
146
What is the highest common divisor of 10878 and 3234?
294
Calculate the highest common divisor of 34364 and 40.
4
Calculate the greatest common divisor of 3052 and 4905.
109
What is the highest common factor of 24 and 13492?
4
Calculate the highest common divisor of 3930 and 390.
30
Calculate the greatest common factor of 132 and 300.
12
What is the highest common divisor of 543 and 65703?
543
Calculate the highest common factor of 8142 and 318246.
354
Calculate the greatest common divisor of 60032 and 77.
7
What is the highest common factor of 524 and 72574?
262
What is the greatest common divisor of 101343 and 10043?
913
What is the highest common divisor of 11711 and 2?
1
What is the highest common divisor of 587004 and 264?
132
What is the highest common factor of 184 and 18952?
184
What is the highest common divisor of 475680 and 48?
48
What is the greatest common divisor of 42140 and 18100?
20
Calculate the highest common divisor of 15 and 1033863.
3
What is the greatest common divisor of 3162 and 153?
51
What is the highest common divisor of 8024 and 269807?
1003
What is the highest common factor of 17802 and 90?
18
What is the greatest common factor of 363 and 472263?
363
What is the highest common factor of 1838 and 250?
2
Calculate the greatest common divisor of 97498 and 1450.
58
Calculate the greatest common factor of 87 and 1755.
3
What is the highest common factor of 378 and 24219?
27
Calculate the greatest common factor of 5380 and 90.
10
What is the highest common divisor of 96 and 1695264?
96
What is the highest common divisor of 319 and 1566?
29
Calculate the greatest common divisor of 14056 and 104.
8
What is the greatest common factor of 151800 and 1815?
165
Calculate the highest common divisor of 196896 and 7.
7
What is the highest common factor of 632 and 596?
4
What is the greatest common divisor of 14 and 702058?
14
What is the highest common factor of 74253 and 159?
159
What is the greatest common divisor of 60401 and 286?
11
What is the greatest common divisor of 1155272 and 8?
8
Calculate the greatest common divisor of 1682 and 7472285.
841
Calculate the highest common factor of 101 and 1640947.
101
What is the highest common factor of 4828 and 11644?
284
Calculate the greatest common divisor of 65250 and 3555.
45
Calculate the highest common divisor of 2642 and 1824301.
1321
What is the greatest common factor of 3 and 59439?
3
What is the greatest common factor of 16 and 419792?
16
Calculate the highest common divisor of 14 and 5990.
2
What is the highest common factor of 1176009 and 51?
51
What is the highest common factor of 176 and 17699?
11
Calculate the highest common divisor of 7305 and 96.
3
Calculate the greatest common divisor of 40 and 4491460.
20
Calculate the greatest common factor of 130642 and 166.
166
Calculate the greatest common factor of 202 and 1386124.
202
What is the greatest common factor of 720 and 19485?
45
What is the highest common divisor of 60769 and 43536?
907
Calcul